{"id":260,"date":"2022-01-14T15:20:42","date_gmt":"2022-01-14T15:20:42","guid":{"rendered":"https:\/\/gypsi.com.mx\/tienda\/?post_type=product&#038;p=260"},"modified":"2022-02-22T12:43:36","modified_gmt":"2022-02-22T12:43:36","slug":"fm3001","status":"publish","type":"product","link":"https:\/\/gypsi.com.mx\/tienda\/producto\/fm3001\/","title":{"rendered":"FM3001"},"content":{"rendered":"<p>Teltonika FM3001 es un rastreador f\u00e1cil de conectar y usar OBDII con conectividad GNSS, 3G y Bluetooth. FM3001 es perfectamente adecuado para el seguimiento de veh\u00edculos ligeros en aplicaciones como el servicio de entrega de mensajer\u00eda, alquiler y arrendamiento de autom\u00f3viles, telem\u00e1tica de seguros y muchos otros donde la integraci\u00f3n simple es imprescindible. FM3001 tiene una funci\u00f3n adicional: lectura de datos OBDII desde la computadora de a bordo. El dispositivo admite manos libres, actualizaci\u00f3n de firmware y configuraci\u00f3n a trav\u00e9s de Bluetooth. La funci\u00f3n 3G hace que este dispositivo sea utilizable en todo el mundo.<\/p>\n<div id=\"themify_builder_content-260\" data-postid=\"260\" class=\"themify_builder_content themify_builder_content-260 themify_builder\">\n\n    <\/div>\n<!-- \/themify_builder_content -->","protected":false},"excerpt":{"rendered":"<p>Terminal avanzado de seguimiento en tiempo real Plug and Track con conectividad GNSS, 3G y Bluetooth<\/p>\n","protected":false},"featured_media":253,"comment_status":"open","ping_status":"closed","template":"","meta":{"om_disable_all_campaigns":false,"_mi_skip_tracking":false},"product_cat":[18],"product_tag":[],"aioseo_notices":[],"_links":{"self":[{"href":"https:\/\/gypsi.com.mx\/tienda\/wp-json\/wp\/v2\/product\/260"}],"collection":[{"href":"https:\/\/gypsi.com.mx\/tienda\/wp-json\/wp\/v2\/product"}],"about":[{"href":"https:\/\/gypsi.com.mx\/tienda\/wp-json\/wp\/v2\/types\/product"}],"replies":[{"embeddable":true,"href":"https:\/\/gypsi.com.mx\/tienda\/wp-json\/wp\/v2\/comments?post=260"}],"wp:featuredmedia":[{"embeddable":true,"href":"https:\/\/gypsi.com.mx\/tienda\/wp-json\/wp\/v2\/media\/253"}],"wp:attachment":[{"href":"https:\/\/gypsi.com.mx\/tienda\/wp-json\/wp\/v2\/media?parent=260"}],"wp:term":[{"taxonomy":"product_cat","embeddable":true,"href":"https:\/\/gypsi.com.mx\/tienda\/wp-json\/wp\/v2\/product_cat?post=260"},{"taxonomy":"product_tag","embeddable":true,"href":"https:\/\/gypsi.com.mx\/tienda\/wp-json\/wp\/v2\/product_tag?post=260"}],"curies":[{"name":"wp","href":"https:\/\/api.w.org\/{rel}","templated":true}]}}